{"id":55,"date":"2021-01-20T12:05:31","date_gmt":"2021-01-20T12:05:31","guid":{"rendered":"https:\/\/2021.centralbahn.ch\/?page_id=55"},"modified":"2021-08-16T09:04:24","modified_gmt":"2021-08-16T09:04:24","slug":"kuppelwagen","status":"publish","type":"page","link":"https:\/\/avada.centralbahn.ch\/index.php\/kuppelwagen\/","title":{"rendered":"Kuppelwagen"},"content":{"rendered":"<p>F\u00fcr Eins\u00e4tze stehen Kuppel- oder Adapterwagen zur Verf\u00fcgung, mit denen in Deutschland (noch) nicht zugelassene oder nicht betriebsf\u00e4hige Fahrzeuge mit Mittelpufferkupplung bef\u00f6rdert werden k\u00f6nnen. Die Wagen entstanden aus Postwagen der Bauart mrz.<\/p>\n<p><a href=\"https:\/\/avada.centralbahn.ch\/wp-content\/uploads\/2021\/08\/Datenblatt_Adapterwagen__161.pdf\" target=\"_blank\" rel=\"noopener\">Datenblatt zum Adapterwagen<\/a><\/p>\n<p><img loading=\"lazy\" decoding=\"async\" class=\"alignleft size-thumbnail wp-image-244\" src=\"https:\/\/avada.centralbahn.ch\/wp-content\/uploads\/2021\/08\/Kuppelwagen1kleiner-150x150.jpg\" alt=\"\" width=\"150\" height=\"150\" \/> <img loading=\"lazy\" decoding=\"async\" class=\"alignleft size-thumbnail wp-image-345\" src=\"https:\/\/avada.centralbahn.ch\/wp-content\/uploads\/2021\/08\/Fahrt4locon-150x150.jpg\" alt=\"\" width=\"150\" height=\"150\" \/> <img loading=\"lazy\" decoding=\"async\" class=\"alignleft size-thumbnail wp-image-347\" src=\"https:\/\/avada.centralbahn.ch\/wp-content\/uploads\/2021\/08\/16.02.21-8-150x150.jpg\" alt=\"\" width=\"150\" height=\"150\" \/><img loading=\"lazy\" decoding=\"async\" class=\"alignleft size-thumbnail wp-image-349\" src=\"https:\/\/avada.centralbahn.ch\/wp-content\/uploads\/2021\/08\/16.02.21-3-150x150.jpg\" alt=\"\" width=\"150\" height=\"150\" \/><\/p>\n","protected":false},"excerpt":{"rendered":"<p>F\u00fcr Eins\u00e4tze stehen Kuppel- oder Adapterwagen zur Verf\u00fcgung, mit denen in Deutschland (noch) nicht zugelassene oder nicht betriebsf\u00e4hige Fahrzeuge mit Mittelpufferkupplung bef\u00f6rdert werden k\u00f6nnen. Die Wagen entstanden aus Postwagen der Bauart mrz. Datenblatt zum Adapterwagen<\/p>\n","protected":false},"author":1,"featured_media":0,"parent":0,"menu_order":0,"comment_status":"closed","ping_status":"closed","template":"","meta":{"_monsterinsights_skip_tracking":false,"_monsterinsights_sitenote_active":false,"_monsterinsights_sitenote_note":"","_monsterinsights_sitenote_category":0,"footnotes":""},"class_list":["post-55","page","type-page","status-publish","hentry"],"_links":{"self":[{"href":"https:\/\/avada.centralbahn.ch\/index.php\/wp-json\/wp\/v2\/pages\/55","targetHints":{"allow":["GET"]}}],"collection":[{"href":"https:\/\/avada.centralbahn.ch\/index.php\/wp-json\/wp\/v2\/pages"}],"about":[{"href":"https:\/\/avada.centralbahn.ch\/index.php\/wp-json\/wp\/v2\/types\/page"}],"author":[{"embeddable":true,"href":"https:\/\/avada.centralbahn.ch\/index.php\/wp-json\/wp\/v2\/users\/1"}],"replies":[{"embeddable":true,"href":"https:\/\/avada.centralbahn.ch\/index.php\/wp-json\/wp\/v2\/comments?post=55"}],"version-history":[{"count":6,"href":"https:\/\/avada.centralbahn.ch\/index.php\/wp-json\/wp\/v2\/pages\/55\/revisions"}],"predecessor-version":[{"id":351,"href":"https:\/\/avada.centralbahn.ch\/index.php\/wp-json\/wp\/v2\/pages\/55\/revisions\/351"}],"wp:attachment":[{"href":"https:\/\/avada.centralbahn.ch\/index.php\/wp-json\/wp\/v2\/media?parent=55"}],"curies":[{"name":"wp","href":"https:\/\/api.w.org\/{rel}","templated":true}]}}